{"id":76,"date":"2022-10-31T17:43:44","date_gmt":"2022-10-31T21:43:44","guid":{"rendered":"https:\/\/villadiamantdaude.com\/?page_id=76"},"modified":"2024-05-26T18:50:06","modified_gmt":"2024-05-26T22:50:06","slug":"la-villa","status":"publish","type":"page","link":"https:\/\/villadiamantdaude.com\/index.php\/la-villa\/","title":{"rendered":"La villa&nbsp;:"},"content":{"rendered":"\t\t<div data-elementor-type=\"wp-page\" data-elementor-id=\"76\" class=\"elementor elementor-76\">\n\t\t\t\t\t\t\t\t\t<section class=\"elementor-section elementor-top-section elementor-element elementor-element-4f125b7f elementor-section-boxed elementor-section-height-default elementor-section-height-default\" data-id=\"4f125b7f\" data-element_type=\"section\">\n\t\t\t\t\t\t<div class=\"elementor-container elementor-column-gap-default\">\n\t\t\t\t\t<div class=\"elementor-column elementor-col-100 elementor-top-column elementor-element elementor-element-28785cc3\" data-id=\"28785cc3\" data-element_type=\"column\">\n\t\t\t<div class=\"elementor-widget-wrap elementor-element-populated\">\n\t\t\t\t\t\t\t\t<div class=\"elementor-element elementor-element-9dba9b8 elementor-widget elementor-widget-text-editor\" data-id=\"9dba9b8\" data-element_type=\"widget\" data-widget_type=\"text-editor.default\">\n\t\t\t\t<div class=\"elementor-widget-container\">\n\t\t\t<style>\/*! elementor - v3.17.0 - 08-11-2023 *\/\n.elementor-widget-text-editor.elementor-drop-cap-view-stacked .elementor-drop-cap{background-color:#69727d;color:#fff}.elementor-widget-text-editor.elementor-drop-cap-view-framed .elementor-drop-cap{color:#69727d;border:3px solid;background-color:transparent}.elementor-widget-text-editor:not(.elementor-drop-cap-view-default) .elementor-drop-cap{margin-top:8px}.elementor-widget-text-editor:not(.elementor-drop-cap-view-default) .elementor-drop-cap-letter{width:1em;height:1em}.elementor-widget-text-editor .elementor-drop-cap{float:left;text-align:center;line-height:1;font-size:50px}.elementor-widget-text-editor .elementor-drop-cap-letter{display:inline-block}<\/style>\t\t\t\t<!-- wp:paragraph {\"align\":\"center\"} -->\n<p class=\"has-text-align-center\">Profitez en famille de ce fabuleux logement qui offre de bons moments en perspective.<br>Vous s\u00e9journerez dans un cadre agr\u00e9able et reposant avec une situation id\u00e9ale pour un s\u00e9jour touristique au bord de la mer des Cara\u00efbes avec petits commerces de proximit\u00e9, march\u00e9 et restaurants \u00e0 2 pas.<br>La Villa le Diamant d&rsquo;Aude est la Villa qui vous convient pour profiter de la piscine, du vaste solarium, des moments de convivialit\u00e9s et des grandes chambres pour vous reposer.<\/p>\n<!-- \/wp:paragraph -->\n\n<!-- wp:image {\"id\":122,\"sizeSlug\":\"large\"} -->\n<figure class=\"wp-block-image size-large\"><img loading=\"lazy\" decoding=\"async\" width=\"2016\" height=\"1512\" src=\"https:\/\/villadiamantdaude.com\/wp-content\/uploads\/2023\/11\/IMG_3007.jpg\" alt=\"\" class=\"wp-image-122\" srcset=\"https:\/\/villadiamantdaude.com\/wp-content\/uploads\/2023\/11\/IMG_3007.jpg 2016w, https:\/\/villadiamantdaude.com\/wp-content\/uploads\/2023\/11\/IMG_3007-300x225.jpg 300w, https:\/\/villadiamantdaude.com\/wp-content\/uploads\/2023\/11\/IMG_3007-1024x768.jpg 1024w, https:\/\/villadiamantdaude.com\/wp-content\/uploads\/2023\/11\/IMG_3007-768x576.jpg 768w, https:\/\/villadiamantdaude.com\/wp-content\/uploads\/2023\/11\/IMG_3007-1536x1152.jpg 1536w\" sizes=\"(max-width: 2016px) 100vw, 2016px\" \/><\/figure>\n<!-- \/wp:image -->\n\n<!-- wp:paragraph -->\n<p><\/p>\n<!-- \/wp:paragraph -->\n\n<!-- wp:paragraph -->\n<p><\/p>\n<!-- \/wp:paragraph -->\n\n<!-- wp:paragraph -->\n<p><strong><em>Les chambres : <\/em><\/strong><\/p>\n<!-- \/wp:paragraph -->\n\n<!-- wp:paragraph -->\n<p><strong>Au RDC :<\/strong><\/p>\n<!-- \/wp:paragraph -->\n\n<!-- wp:paragraph {\"align\":\"center\"} -->\n<p class=\"has-text-align-center\">Une chambre parentale avec un grand lit queen size, 2 grands placards et sa salle de douche priv\u00e9e.<\/p>\n<!-- \/wp:paragraph -->\n\n<!-- wp:gallery {\"linkTo\":\"none\"} -->\n<figure class=\"wp-block-gallery has-nested-images columns-default is-cropped\"><!-- wp:image {\"id\":229} -->\n<figure class=\"wp-block-image\"><img loading=\"lazy\" decoding=\"async\" width=\"1024\" height=\"683\" src=\"https:\/\/villadiamantdaude.com\/wp-content\/uploads\/2024\/05\/img_7907-2-1-1024x683.jpg\" alt=\"\" class=\"wp-image-229\" srcset=\"https:\/\/villadiamantdaude.com\/wp-content\/uploads\/2024\/05\/img_7907-2-1-1024x683.jpg 1024w, https:\/\/villadiamantdaude.com\/wp-content\/uploads\/2024\/05\/img_7907-2-1-300x200.jpg 300w, https:\/\/villadiamantdaude.com\/wp-content\/uploads\/2024\/05\/img_7907-2-1-768x512.jpg 768w, https:\/\/villadiamantdaude.com\/wp-content\/uploads\/2024\/05\/img_7907-2-1.jpg 1170w\" sizes=\"(max-width: 1024px) 100vw, 1024px\" \/><\/figure>\n<!-- \/wp:image -->\n\n<!-- wp:image {\"id\":228,\"sizeSlug\":\"large\"} -->\n<figure class=\"wp-block-image size-large\"><img loading=\"lazy\" decoding=\"async\" width=\"1024\" height=\"683\" src=\"https:\/\/villadiamantdaude.com\/wp-content\/uploads\/2024\/05\/img_7912-1-1024x683.jpg\" alt=\"\" class=\"wp-image-228\" srcset=\"https:\/\/villadiamantdaude.com\/wp-content\/uploads\/2024\/05\/img_7912-1-1024x683.jpg 1024w, https:\/\/villadiamantdaude.com\/wp-content\/uploads\/2024\/05\/img_7912-1-300x200.jpg 300w, https:\/\/villadiamantdaude.com\/wp-content\/uploads\/2024\/05\/img_7912-1-768x512.jpg 768w, https:\/\/villadiamantdaude.com\/wp-content\/uploads\/2024\/05\/img_7912-1.jpg 1170w\" sizes=\"(max-width: 1024px) 100vw, 1024px\" \/><\/figure>\n<!-- \/wp:image --><\/figure>\n<!-- \/wp:gallery -->\n\n<!-- wp:paragraph -->\n<p><\/p>\n<!-- \/wp:paragraph -->\n\n<!-- wp:paragraph {\"align\":\"center\"} -->\n<p class=\"has-text-align-center\">Une seconde chambre pour 2 personnes avec un lit de 140 de large et un grand placard :<\/p>\n<!-- \/wp:paragraph -->\n\n<!-- wp:paragraph -->\n<p><\/p>\n<!-- \/wp:paragraph -->\n\n<!-- wp:image {\"align\":\"center\",\"id\":232,\"sizeSlug\":\"large\"} -->\n<figure class=\"wp-block-image aligncenter size-large\"><img loading=\"lazy\" decoding=\"async\" width=\"1024\" height=\"683\" src=\"https:\/\/villadiamantdaude.com\/wp-content\/uploads\/2024\/05\/img_7908-1-1024x683.jpg\" alt=\"\" class=\"wp-image-232\" srcset=\"https:\/\/villadiamantdaude.com\/wp-content\/uploads\/2024\/05\/img_7908-1-1024x683.jpg 1024w, https:\/\/villadiamantdaude.com\/wp-content\/uploads\/2024\/05\/img_7908-1-300x200.jpg 300w, https:\/\/villadiamantdaude.com\/wp-content\/uploads\/2024\/05\/img_7908-1-768x512.jpg 768w, https:\/\/villadiamantdaude.com\/wp-content\/uploads\/2024\/05\/img_7908-1.jpg 1170w\" sizes=\"(max-width: 1024px) 100vw, 1024px\" \/><\/figure>\n<!-- \/wp:image -->\n\n<!-- wp:paragraph -->\n<p><\/p>\n<!-- \/wp:paragraph -->\n\n<!-- wp:paragraph {\"align\":\"center\"} -->\n<p class=\"has-text-align-center\">Une 3\u00e8me chambre , avec 2 lits superpos\u00e9s de 0,90 de large.<\/p>\n<!-- \/wp:paragraph -->\n\n<!-- wp:image {\"id\":213,\"sizeSlug\":\"large\"} -->\n<figure class=\"wp-block-image size-large\"><img loading=\"lazy\" decoding=\"async\" width=\"2560\" height=\"1707\" src=\"https:\/\/villadiamantdaude.com\/wp-content\/uploads\/2024\/03\/ANGIE_IMG_5208-scaled.jpg\" alt=\"\" class=\"wp-image-213\" srcset=\"https:\/\/villadiamantdaude.com\/wp-content\/uploads\/2024\/03\/ANGIE_IMG_5208-scaled.jpg 2560w, https:\/\/villadiamantdaude.com\/wp-content\/uploads\/2024\/03\/ANGIE_IMG_5208-300x200.jpg 300w, https:\/\/villadiamantdaude.com\/wp-content\/uploads\/2024\/03\/ANGIE_IMG_5208-1024x683.jpg 1024w, https:\/\/villadiamantdaude.com\/wp-content\/uploads\/2024\/03\/ANGIE_IMG_5208-768x512.jpg 768w, https:\/\/villadiamantdaude.com\/wp-content\/uploads\/2024\/03\/ANGIE_IMG_5208-1536x1024.jpg 1536w, https:\/\/villadiamantdaude.com\/wp-content\/uploads\/2024\/03\/ANGIE_IMG_5208-2048x1365.jpg 2048w\" sizes=\"(max-width: 2560px) 100vw, 2560px\" \/><\/figure>\n<!-- \/wp:image -->\n\n<!-- wp:paragraph -->\n<p><\/p>\n<!-- \/wp:paragraph -->\n\n<!-- wp:paragraph {\"align\":\"center\"} -->\n<p class=\"has-text-align-center\">Une salle de douche \u00e0 partager se trouve disponible, juste \u00e0 c\u00f4t\u00e9 des chambres.<\/p>\n<!-- \/wp:paragraph -->\n\n<!-- wp:image {\"id\":233,\"sizeSlug\":\"large\"} -->\n<figure class=\"wp-block-image size-large\"><img loading=\"lazy\" decoding=\"async\" width=\"1024\" height=\"683\" src=\"https:\/\/villadiamantdaude.com\/wp-content\/uploads\/2024\/05\/img_7914-1-1024x683.jpg\" alt=\"\" class=\"wp-image-233\" srcset=\"https:\/\/villadiamantdaude.com\/wp-content\/uploads\/2024\/05\/img_7914-1-1024x683.jpg 1024w, https:\/\/villadiamantdaude.com\/wp-content\/uploads\/2024\/05\/img_7914-1-300x200.jpg 300w, https:\/\/villadiamantdaude.com\/wp-content\/uploads\/2024\/05\/img_7914-1-768x512.jpg 768w, https:\/\/villadiamantdaude.com\/wp-content\/uploads\/2024\/05\/img_7914-1.jpg 1170w\" sizes=\"(max-width: 1024px) 100vw, 1024px\" \/><\/figure>\n<!-- \/wp:image -->\n\n<!-- wp:paragraph -->\n<p><\/p>\n<!-- \/wp:paragraph -->\n\n<!-- wp:paragraph -->\n<p><\/p>\n<!-- \/wp:paragraph -->\n\n<!-- wp:paragraph -->\n<p><strong>Au 1er \u00e9tage :<\/strong><\/p>\n<!-- \/wp:paragraph -->\n\n<!-- wp:paragraph -->\n<p>Une grande chambre avec (soit un grand lit queen size ou 2 lits une personne) <\/p>\n<!-- \/wp:paragraph -->\n\n<!-- wp:image {\"id\":234,\"sizeSlug\":\"large\"} -->\n<figure class=\"wp-block-image size-large\"><img loading=\"lazy\" decoding=\"async\" width=\"1024\" height=\"683\" src=\"https:\/\/villadiamantdaude.com\/wp-content\/uploads\/2024\/05\/img_7910-1-1024x683.jpg\" alt=\"\" class=\"wp-image-234\" srcset=\"https:\/\/villadiamantdaude.com\/wp-content\/uploads\/2024\/05\/img_7910-1-1024x683.jpg 1024w, https:\/\/villadiamantdaude.com\/wp-content\/uploads\/2024\/05\/img_7910-1-300x200.jpg 300w, https:\/\/villadiamantdaude.com\/wp-content\/uploads\/2024\/05\/img_7910-1-768x512.jpg 768w, https:\/\/villadiamantdaude.com\/wp-content\/uploads\/2024\/05\/img_7910-1.jpg 1170w\" sizes=\"(max-width: 1024px) 100vw, 1024px\" \/><\/figure>\n<!-- \/wp:image -->\n\n<!-- wp:paragraph -->\n<p><\/p>\n<!-- \/wp:paragraph -->\n\n<!-- wp:paragraph -->\n<p>Un 2nde tr\u00e8s grande chambre avec un lit queen size et un canap\u00e9 lit permet d\u2019accueillir jusqu\u2019\u00e0 4 personnes confortablement.<\/p>\n<!-- \/wp:paragraph -->\n\n<!-- wp:paragraph -->\n<p><\/p>\n<!-- \/wp:paragraph -->\n\n<!-- wp:gallery {\"linkTo\":\"none\"} -->\n<figure class=\"wp-block-gallery has-nested-images columns-default is-cropped\"><!-- wp:image {\"id\":187,\"sizeSlug\":\"large\"} -->\n<figure class=\"wp-block-image size-large\"><img loading=\"lazy\" decoding=\"async\" width=\"2560\" height=\"1707\" src=\"https:\/\/villadiamantdaude.com\/wp-content\/uploads\/2024\/03\/ANGIE_IMG_5078-scaled.jpg\" alt=\"\" class=\"wp-image-187\" srcset=\"https:\/\/villadiamantdaude.com\/wp-content\/uploads\/2024\/03\/ANGIE_IMG_5078-scaled.jpg 2560w, https:\/\/villadiamantdaude.com\/wp-content\/uploads\/2024\/03\/ANGIE_IMG_5078-300x200.jpg 300w, https:\/\/villadiamantdaude.com\/wp-content\/uploads\/2024\/03\/ANGIE_IMG_5078-1024x683.jpg 1024w, https:\/\/villadiamantdaude.com\/wp-content\/uploads\/2024\/03\/ANGIE_IMG_5078-768x512.jpg 768w, https:\/\/villadiamantdaude.com\/wp-content\/uploads\/2024\/03\/ANGIE_IMG_5078-1536x1024.jpg 1536w, https:\/\/villadiamantdaude.com\/wp-content\/uploads\/2024\/03\/ANGIE_IMG_5078-2048x1365.jpg 2048w\" sizes=\"(max-width: 2560px) 100vw, 2560px\" \/><\/figure>\n<!-- \/wp:image -->\n\n<!-- wp:image {\"id\":239} -->\n<figure class=\"wp-block-image\"><img loading=\"lazy\" decoding=\"async\" width=\"1024\" height=\"683\" src=\"https:\/\/villadiamantdaude.com\/wp-content\/uploads\/2024\/05\/img_7991-1-1024x683.jpg\" alt=\"\" class=\"wp-image-239\" srcset=\"https:\/\/villadiamantdaude.com\/wp-content\/uploads\/2024\/05\/img_7991-1-1024x683.jpg 1024w, https:\/\/villadiamantdaude.com\/wp-content\/uploads\/2024\/05\/img_7991-1-300x200.jpg 300w, https:\/\/villadiamantdaude.com\/wp-content\/uploads\/2024\/05\/img_7991-1-768x512.jpg 768w, https:\/\/villadiamantdaude.com\/wp-content\/uploads\/2024\/05\/img_7991-1.jpg 1170w\" sizes=\"(max-width: 1024px) 100vw, 1024px\" \/><\/figure>\n<!-- \/wp:image -->\n\n<!-- wp:image {\"id\":240} -->\n<figure class=\"wp-block-image\"><img loading=\"lazy\" decoding=\"async\" width=\"1024\" height=\"683\" src=\"https:\/\/villadiamantdaude.com\/wp-content\/uploads\/2024\/05\/img_7913-1-1024x683.jpg\" alt=\"\" class=\"wp-image-240\" srcset=\"https:\/\/villadiamantdaude.com\/wp-content\/uploads\/2024\/05\/img_7913-1-1024x683.jpg 1024w, https:\/\/villadiamantdaude.com\/wp-content\/uploads\/2024\/05\/img_7913-1-300x200.jpg 300w, https:\/\/villadiamantdaude.com\/wp-content\/uploads\/2024\/05\/img_7913-1-768x512.jpg 768w, https:\/\/villadiamantdaude.com\/wp-content\/uploads\/2024\/05\/img_7913-1.jpg 1170w\" sizes=\"(max-width: 1024px) 100vw, 1024px\" \/><\/figure>\n<!-- \/wp:image --><\/figure>\n<!-- \/wp:gallery -->\n\n<!-- wp:paragraph -->\n<p><\/p>\n<!-- \/wp:paragraph -->\t\t\t\t\t\t<\/div>\n\t\t\t\t<\/div>\n\t\t\t\t\t<\/div>\n\t\t<\/div>\n\t\t\t\t\t\t\t<\/div>\n\t\t<\/section>\n\t\t\t\t<section class=\"elementor-section elementor-top-section elementor-element elementor-element-6b8ffb4 elementor-section-boxed elementor-section-height-default elementor-section-height-default\" data-id=\"6b8ffb4\" data-element_type=\"section\">\n\t\t\t\t\t\t<div class=\"elementor-container elementor-column-gap-default\">\n\t\t\t\t\t<div class=\"elementor-column elementor-col-50 elementor-top-column elementor-element elementor-element-dbfb538\" data-id=\"dbfb538\" data-element_type=\"column\">\n\t\t\t<div class=\"elementor-widget-wrap elementor-element-populated\">\n\t\t\t\t\t\t\t\t<div class=\"elementor-element elementor-element-6241dbf elementor-widget elementor-widget-heading\" data-id=\"6241dbf\" data-element_type=\"widget\" data-widget_type=\"heading.default\">\n\t\t\t\t<div class=\"elementor-widget-container\">\n\t\t\t<style>\/*! elementor - v3.17.0 - 08-11-2023 *\/\n.elementor-heading-title{padding:0;margin:0;line-height:1}.elementor-widget-heading .elementor-heading-title[class*=elementor-size-]>a{color:inherit;font-size:inherit;line-height:inherit}.elementor-widget-heading .elementor-heading-title.elementor-size-small{font-size:15px}.elementor-widget-heading .elementor-heading-title.elementor-size-medium{font-size:19px}.elementor-widget-heading .elementor-heading-title.elementor-size-large{font-size:29px}.elementor-widget-heading .elementor-heading-title.elementor-size-xl{font-size:39px}.elementor-widget-heading .elementor-heading-title.elementor-size-xxl{font-size:59px}<\/style><h2 class=\"elementor-heading-title elementor-size-default\">La cuisine :<\/h2>\t\t<\/div>\n\t\t\t\t<\/div>\n\t\t\t\t<div class=\"elementor-element elementor-element-cc23758 elementor-widget__width-initial elementor-widget elementor-widget-text-editor\" data-id=\"cc23758\" data-element_type=\"widget\" data-widget_type=\"text-editor.default\">\n\t\t\t\t<div class=\"elementor-widget-container\">\n\t\t\t\t\t\t\t<h1>Vous trouverez dans la cuisine tout les \u00e9quipements n\u00e9cessaires.\u00a0<\/h1>\t\t\t\t\t\t<\/div>\n\t\t\t\t<\/div>\n\t\t\t\t\t<\/div>\n\t\t<\/div>\n\t\t\t\t<div class=\"elementor-column elementor-col-50 elementor-top-column elementor-element elementor-element-661ee05\" data-id=\"661ee05\" data-element_type=\"column\">\n\t\t\t<div class=\"elementor-widget-wrap elementor-element-populated\">\n\t\t\t\t\t\t\t\t<div class=\"elementor-element elementor-element-d62b867 elementor-widget__width-initial elementor-widget elementor-widget-image\" data-id=\"d62b867\" data-element_type=\"widget\" data-widget_type=\"image.default\">\n\t\t\t\t<div class=\"elementor-widget-container\">\n\t\t\t<style>\/*! elementor - v3.17.0 - 08-11-2023 *\/\n.elementor-widget-image{text-align:center}.elementor-widget-image a{display:inline-block}.elementor-widget-image a img[src$=\".svg\"]{width:48px}.elementor-widget-image img{vertical-align:middle;display:inline-block}<\/style>\t\t\t\t\t\t\t\t\t\t\t\t<img decoding=\"async\" src=\"https:\/\/villadiamantdaude.com\/wp-content\/uploads\/2024\/03\/ANGIE_IMG_5113-scaled.jpg\" title=\"ANGIE_IMG_5113\" alt=\"ANGIE_IMG_5113\" loading=\"lazy\" \/>\t\t\t\t\t\t\t\t\t\t\t\t\t\t\t<\/div>\n\t\t\t\t<\/div>\n\t\t\t\t\t<\/div>\n\t\t<\/div>\n\t\t\t\t\t\t\t<\/div>\n\t\t<\/section>\n\t\t\t\t<section class=\"elementor-section elementor-top-section elementor-element elementor-element-0f91759 elementor-section-boxed elementor-section-height-default elementor-section-height-default\" data-id=\"0f91759\" data-element_type=\"section\">\n\t\t\t\t\t\t<div class=\"elementor-container elementor-column-gap-default\">\n\t\t\t\t\t<div class=\"elementor-column elementor-col-50 elementor-top-column elementor-element elementor-element-c17659b\" data-id=\"c17659b\" data-element_type=\"column\">\n\t\t\t<div class=\"elementor-widget-wrap elementor-element-populated\">\n\t\t\t\t\t\t\t\t<div class=\"elementor-element elementor-element-8ffe3d4 elementor-arrows-position-inside elementor-pagination-position-outside elementor-widget elementor-widget-image-carousel\" data-id=\"8ffe3d4\" data-element_type=\"widget\" data-settings=\"{&quot;navigation&quot;:&quot;both&quot;,&quot;autoplay&quot;:&quot;yes&quot;,&quot;pause_on_hover&quot;:&quot;yes&quot;,&quot;pause_on_interaction&quot;:&quot;yes&quot;,&quot;autoplay_speed&quot;:5000,&quot;infinite&quot;:&quot;yes&quot;,&quot;speed&quot;:500}\" data-widget_type=\"image-carousel.default\">\n\t\t\t\t<div class=\"elementor-widget-container\">\n\t\t\t<style>\/*! elementor - v3.17.0 - 08-11-2023 *\/\n.elementor-widget-image-carousel .swiper,.elementor-widget-image-carousel .swiper-container{position:static}.elementor-widget-image-carousel .swiper-container .swiper-slide figure,.elementor-widget-image-carousel .swiper .swiper-slide figure{line-height:inherit}.elementor-widget-image-carousel .swiper-slide{text-align:center}.elementor-image-carousel-wrapper:not(.swiper-container-initialized):not(.swiper-initialized) .swiper-slide{max-width:calc(100% \/ var(--e-image-carousel-slides-to-show, 3))}<\/style>\t\t<div class=\"elementor-image-carousel-wrapper swiper-container\" dir=\"ltr\">\n\t\t\t<div class=\"elementor-image-carousel swiper-wrapper\" aria-live=\"off\">\n\t\t\t\t\t\t\t\t<div class=\"swiper-slide\" role=\"group\" aria-roledescription=\"slide\" aria-label=\"1 sur 2\"><figure class=\"swiper-slide-inner\"><img decoding=\"async\" class=\"swiper-slide-image\" src=\"https:\/\/villadiamantdaude.com\/wp-content\/uploads\/2024\/03\/ANGIE_IMG_5113-150x150.jpg\" alt=\"ANGIE_IMG_5113\" \/><\/figure><\/div><div class=\"swiper-slide\" role=\"group\" aria-roledescription=\"slide\" aria-label=\"2 sur 2\"><figure class=\"swiper-slide-inner\"><img decoding=\"async\" class=\"swiper-slide-image\" src=\"https:\/\/villadiamantdaude.com\/wp-content\/uploads\/2024\/03\/ANGIE_IMG_5118-150x150.jpg\" alt=\"ANGIE_IMG_5118\" \/><\/figure><\/div>\t\t\t<\/div>\n\t\t\t\t\t\t\t\t\t\t\t\t<div class=\"elementor-swiper-button elementor-swiper-button-prev\" role=\"button\" tabindex=\"0\">\n\t\t\t\t\t\t<i aria-hidden=\"true\" class=\"eicon-chevron-left\"><\/i>\t\t\t\t\t<\/div>\n\t\t\t\t\t<div class=\"elementor-swiper-button elementor-swiper-button-next\" role=\"button\" tabindex=\"0\">\n\t\t\t\t\t\t<i aria-hidden=\"true\" class=\"eicon-chevron-right\"><\/i>\t\t\t\t\t<\/div>\n\t\t\t\t\n\t\t\t\t\t\t\t\t\t<div class=\"swiper-pagination\"><\/div>\n\t\t\t\t\t\t\t\t\t<\/div>\n\t\t\t\t<\/div>\n\t\t\t\t<\/div>\n\t\t\t\t\t<\/div>\n\t\t<\/div>\n\t\t\t\t<div class=\"elementor-column elementor-col-50 elementor-top-column elementor-element elementor-element-8be542a\" data-id=\"8be542a\" data-element_type=\"column\">\n\t\t\t<div class=\"elementor-widget-wrap\">\n\t\t\t\t\t\t\t\t\t<\/div>\n\t\t<\/div>\n\t\t\t\t\t\t\t<\/div>\n\t\t<\/section>\n\t\t\t\t\t\t\t<\/div>\n\t\t","protected":false},"excerpt":{"rendered":"<p>Profitez en famille de ce fabuleux logement qui offre de bons moments en perspective.Vous s\u00e9journerez dans un cadre agr\u00e9able et reposant avec une situation id\u00e9ale [&hellip;]<\/p>\n","protected":false},"author":1,"featured_media":0,"parent":0,"menu_order":0,"comment_status":"closed","ping_status":"closed","template":"","meta":{"footnotes":""},"_links":{"self":[{"href":"https:\/\/villadiamantdaude.com\/index.php\/wp-json\/wp\/v2\/pages\/76"}],"collection":[{"href":"https:\/\/villadiamantdaude.com\/index.php\/wp-json\/wp\/v2\/pages"}],"about":[{"href":"https:\/\/villadiamantdaude.com\/index.php\/wp-json\/wp\/v2\/types\/page"}],"author":[{"embeddable":true,"href":"https:\/\/villadiamantdaude.com\/index.php\/wp-json\/wp\/v2\/users\/1"}],"replies":[{"embeddable":true,"href":"https:\/\/villadiamantdaude.com\/index.php\/wp-json\/wp\/v2\/comments?post=76"}],"version-history":[{"count":15,"href":"https:\/\/villadiamantdaude.com\/index.php\/wp-json\/wp\/v2\/pages\/76\/revisions"}],"predecessor-version":[{"id":263,"href":"https:\/\/villadiamantdaude.com\/index.php\/wp-json\/wp\/v2\/pages\/76\/revisions\/263"}],"wp:attachment":[{"href":"https:\/\/villadiamantdaude.com\/index.php\/wp-json\/wp\/v2\/media?parent=76"}],"curies":[{"name":"wp","href":"https:\/\/api.w.org\/{rel}","templated":true}]}}